{"id":15,"date":"2025-04-12T13:31:15","date_gmt":"2025-04-12T13:31:15","guid":{"rendered":"http:\/\/denfranskeassistance.fr\/?page_id=15"},"modified":"2025-09-11T21:42:38","modified_gmt":"2025-09-11T21:42:38","slug":"front_page","status":"publish","type":"page","link":"https:\/\/denfranskeassistance.fr\/","title":{"rendered":"Home"},"content":{"rendered":"\n<p class=\"has-medium-font-size\" style=\"padding-right:0;padding-left:0\">Har du bolig eller sommerhus i Frankrig? Overvejer du at flytte dertil? Eller st\u00e5r du blot over for udfordringer i m\u00f8det med det franske sprog og system?<br><strong>Den Franske Assistance<\/strong> hj\u00e6lper danskere i Frankrig, som har brug for st\u00f8tte til overs\u00e6ttelse, tolkning og kontakt til lokale serviceydere og virksomheder.<br>Sproglige barrierer og kulturelle forskelle kan hurtigt blive til praktiske forhindringer i hverdagen \u2013 men det beh\u00f8ver de ikke at v\u00e6re.<br>Med <strong>Den Franske Assistance<\/strong> f\u00e5r du personlig og professionel hj\u00e6lp, s\u00e5 du lettere kan navigere i det franske.<br>L\u00e6s mere om, hvordan vi kan hj\u00e6lpe dig, herunder.<\/p>\n\n\n\n<p><br><\/p>\n\n\n\n<p><\/p>\n\n\n\n\n\n\n\n\n\n\n\n\n\n<p><\/p>\n\n\n","protected":false},"excerpt":{"rendered":"<p>Har du bolig eller sommerhus i Frankrig? Overvejer du at flytte dertil? Eller st\u00e5r du blot over for udfordringer i m\u00f8det med det franske sprog og system?Den Franske Assistance hj\u00e6lper &#8230;<\/p>\n","protected":false},"author":1,"featured_media":124,"parent":0,"menu_order":0,"comment_status":"closed","ping_status":"closed","template":"","meta":{"saved_in_kubio":true,"footnotes":""},"class_list":["post-15","page","type-page","status-publish","has-post-thumbnail","hentry"],"kubio_ai_page_context":{"short_desc":"","purpose":"general"},"_links":{"self":[{"href":"https:\/\/denfranskeassistance.fr\/index.php?rest_route=\/wp\/v2\/pages\/15","targetHints":{"allow":["GET"]}}],"collection":[{"href":"https:\/\/denfranskeassistance.fr\/index.php?rest_route=\/wp\/v2\/pages"}],"about":[{"href":"https:\/\/denfranskeassistance.fr\/index.php?rest_route=\/wp\/v2\/types\/page"}],"author":[{"embeddable":true,"href":"https:\/\/denfranskeassistance.fr\/index.php?rest_route=\/wp\/v2\/users\/1"}],"replies":[{"embeddable":true,"href":"https:\/\/denfranskeassistance.fr\/index.php?rest_route=%2Fwp%2Fv2%2Fcomments&post=15"}],"version-history":[{"count":86,"href":"https:\/\/denfranskeassistance.fr\/index.php?rest_route=\/wp\/v2\/pages\/15\/revisions"}],"predecessor-version":[{"id":635,"href":"https:\/\/denfranskeassistance.fr\/index.php?rest_route=\/wp\/v2\/pages\/15\/revisions\/635"}],"wp:featuredmedia":[{"embeddable":true,"href":"https:\/\/denfranskeassistance.fr\/index.php?rest_route=\/wp\/v2\/media\/124"}],"wp:attachment":[{"href":"https:\/\/denfranskeassistance.fr\/index.php?rest_route=%2Fwp%2Fv2%2Fmedia&parent=15"}],"curies":[{"name":"wp","href":"https:\/\/api.w.org\/{rel}","templated":true}]}}