{"id":342,"date":"2025-06-02T12:51:58","date_gmt":"2025-06-02T12:51:58","guid":{"rendered":"https:\/\/denfranskeassistance.fr\/?page_id=342"},"modified":"2025-09-25T06:59:27","modified_gmt":"2025-09-25T06:59:27","slug":"praktisk-assistance","status":"publish","type":"page","link":"https:\/\/denfranskeassistance.fr\/?page_id=342","title":{"rendered":"Praktisk assistance"},"content":{"rendered":"\n<p class=\"has-medium-font-size\" style=\"text-decoration:underline\"><strong>Praktisk assistance \u2013 n\u00e5r du har brug for hj\u00e6lp i det franske<\/strong><\/p>\n\n\n\n<p>At have bolig i Frankrig \u2013 hvad enten det er som fastboende eller fritidshus-ejer \u2013 kan byde p\u00e5 en r\u00e6kke praktiske udfordringer, s\u00e6rligt n\u00e5r sproget sp\u00e6nder ben.<br>Hos <strong>Den Franske Assistance<\/strong> hj\u00e6lper jeg dig med netop d\u00e9t: at f\u00e5 styr p\u00e5 det praktiske, s\u00e5 du trygt kan finde dig til rette.<\/p>\n\n\n\n<p>Her er nogle af de opgaver, jeg l\u00f8ser:<\/p>\n\n\n\n<p><strong>Overs\u00e6ttelse og tolkning<\/strong><\/p>\n\n\n\n<ul class=\"wp-block-list\">\n<li>F\u00e5r du breve fra franske myndigheder eller virksomheder, som du ikke forst\u00e5r, kan du sende dem til mig \u2013 jeg overs\u00e6tter og f\u00f8lger op p\u00e5 indholdet, s\u00e5 du ikke overser vigtige frister eller oplysninger.<\/li>\n\n\n\n<li>F\u00e5r du brug for at jeg tager direkte kontakt p\u00e5 dine vegne, kan jeg ogs\u00e5 tage mig af det.<\/li>\n<\/ul>\n\n\n\n<p><br><strong>Kontakt til myndigheder<\/strong><\/p>\n\n\n\n<ul class=\"wp-block-list\">\n<li>N\u00e5r du skal etablere dig i Frankrig, vil du st\u00f8de p\u00e5 fransk bureaukrati \u2013 jeg hj\u00e6lper med at udfylde formularer og forst\u00e5, hvad der kr\u00e6ves.<\/li>\n\n\n\n<li>Jeg bist\u00e5r ved kontakt til myndigheder og kan s\u00f8rge for, at n\u00f8dvendige dokumenter \u2013 som d\u00e5bsattest eller vielsesattest \u2013 bliver oversat korrekt og evt. af autoriseret translat\u00f8r.<\/li>\n\n\n\n<li>Har du brug for hj\u00e6lp til din f\u00f8rste franske selvangivelse? Det klarer vi ogs\u00e5 sammen.<\/li>\n<\/ul>\n\n\n\n<p><br><strong>El, vand, telefon og internet<\/strong><\/p>\n\n\n\n<ul class=\"wp-block-list\">\n<li>Jeg hj\u00e6lper med at oprette og administrere aftaler med forsyningsselskaber \u2013 el, vand, telefoni og internet \u2013 fra start til slut.<\/li>\n\n\n\n<li>N\u00e5r det g\u00e6lder internet, finder vi sammen det abonnement, der passer bedst til dit behov og din adresse.<\/li>\n<\/ul>\n\n\n\n<p><br><strong>Bank og forsikring<\/strong><\/p>\n\n\n\n<ul class=\"wp-block-list\">\n<li>Jeg r\u00e5dgiver dig om valg af bank og hj\u00e6lper med at oprette en konto, herunder hvilke dokumenter du skal have klar.<\/li>\n\n\n\n<li>Jeg assisterer ogs\u00e5, n\u00e5r du skal v\u00e6lge og tegne de n\u00f8dvendige forsikringer \u2013 b\u00e5de bolig-, bil- og ansvarsforsikring.<\/li>\n<\/ul>\n\n\n\n<p><br><strong>Reparationer og h\u00e5ndv\u00e6rkere<\/strong><\/p>\n\n\n\n<ul class=\"wp-block-list\">\n<li>Har du brug for en elektriker, VVS\u2019er eller anden h\u00e5ndv\u00e6rker, hj\u00e6lper jeg med at finde p\u00e5lidelige fagfolk og formidler kontakten.<\/li>\n\n\n\n<li>Jeg kan deltage i m\u00f8der og aftaler via online-link, s\u00e5 du er sikker p\u00e5, at det hele bliver forst\u00e5et korrekt \u2013 og at dine \u00f8nsker bliver h\u00f8rt.<\/li>\n<\/ul>\n\n\n\n<p><\/p>\n\n\n\n<p style=\"padding-top:var(--wp--preset--spacing--40);padding-bottom:var(--wp--preset--spacing--40)\">Uanset om det handler om en konkret opgave eller generel assistance i hverdagen, st\u00e5r jeg klar til at hj\u00e6lpe.<br>Kontakt mig og fort\u00e6l, hvad du har brug for \u2013 s\u00e5 finder vi sammen en l\u00f8sning.<br><\/p>\n\n\n","protected":false},"excerpt":{"rendered":"<p>Praktisk assistance \u2013 n\u00e5r du har brug for hj\u00e6lp i det franske At have bolig i Frankrig \u2013 hvad enten det er som fastboende eller fritidshus-ejer \u2013 kan byde p\u00e5 &#8230;<\/p>\n","protected":false},"author":1,"featured_media":181,"parent":0,"menu_order":0,"comment_status":"closed","ping_status":"closed","template":"","meta":{"saved_in_kubio":true,"footnotes":""},"class_list":["post-342","page","type-page","status-publish","has-post-thumbnail","hentry"],"kubio_ai_page_context":{"short_desc":"","purpose":"general"},"_links":{"self":[{"href":"https:\/\/denfranskeassistance.fr\/index.php?rest_route=\/wp\/v2\/pages\/342","targetHints":{"allow":["GET"]}}],"collection":[{"href":"https:\/\/denfranskeassistance.fr\/index.php?rest_route=\/wp\/v2\/pages"}],"about":[{"href":"https:\/\/denfranskeassistance.fr\/index.php?rest_route=\/wp\/v2\/types\/page"}],"author":[{"embeddable":true,"href":"https:\/\/denfranskeassistance.fr\/index.php?rest_route=\/wp\/v2\/users\/1"}],"replies":[{"embeddable":true,"href":"https:\/\/denfranskeassistance.fr\/index.php?rest_route=%2Fwp%2Fv2%2Fcomments&post=342"}],"version-history":[{"count":13,"href":"https:\/\/denfranskeassistance.fr\/index.php?rest_route=\/wp\/v2\/pages\/342\/revisions"}],"predecessor-version":[{"id":690,"href":"https:\/\/denfranskeassistance.fr\/index.php?rest_route=\/wp\/v2\/pages\/342\/revisions\/690"}],"wp:featuredmedia":[{"embeddable":true,"href":"https:\/\/denfranskeassistance.fr\/index.php?rest_route=\/wp\/v2\/media\/181"}],"wp:attachment":[{"href":"https:\/\/denfranskeassistance.fr\/index.php?rest_route=%2Fwp%2Fv2%2Fmedia&parent=342"}],"curies":[{"name":"wp","href":"https:\/\/api.w.org\/{rel}","templated":true}]}}